) = -5*l**2 - 1. Let s = -3 - -4. Let b be (-1 + s)/((-8)/4). Let p = b + -1. Calculate q(p).
-6
Let y(t) = 5*t**3 + 10*t**2 + 18*t + 24. Let c(m) = -2*m**3 - 3*m**2 - 6*m - 8. Suppose -3*x + 8*x = 15. Let q(k) = x*y(k) + 8*c(k). What is q(7)?
1
Let o(z) = z**3 - 2*z**2 - 7*z - 9. Let d(v) = -3*v**3 + 5*v**2 + 22*v + 28. Let x = 16 - 14. Let p(b) = x*d(b) + 7*o(b). What is p(5)?
-7
Let x(h) = -h**3 - h + 1. Let s = -3 - -3. Let w(l) = l**2 + 1. Let b be w(s). Suppose -t + b = -0*t. Calculate x(t).
-1
Let k(h) = -h**2 - 4*h + 6. Suppose -5*z = -80 - 25. Suppose i + 4 = 2*i, o = 4*i - z. What is k(o)?
1
Let g be (-10)/2*(-2 + 1). Suppose 5*v - 4*n + 12 = 0, 0*v - 15 = 4*v - 5*n. Let s(z) = z - 7 + v + 0*z. What is s(g)?
-2
Let w(g) = -2*g**3 + g**2 + 3*g + 1. Let t(u) = -u**3 + u**2 + u. Let v(r) = 7*t(r) - 4*w(r). Let p be 1*(-4)/3*3. Calculate v(p).
0
Let w(r) = -r - 7. Let y(b) = -20*b - 110. Let d(u) = -4*u - 22. Let z(t) = 11*d(t) - 2*y(t). Let p(q) = -10*w(q) + 3*z(q). Suppose -9 = 6*n - 39. Give p(n).
-6
Let b(t) be the second derivative of 2*t**3/3 + 3*t**2/2 + 21*t. Give b(-3).
-9
Let j(l) = l**2 + 3*l. Let v be 8/(2*(-2 - -3)). Suppose -k = -3, -v*u - 35 = -5*k - 0*k. What is j(u)?
10
Let b(i) = -203 + 107 + 105 + i. Determine b(-4).
5
Suppose -4*w - 9 = -3*o, w + o - 3 = -0. Let h(f) = f**2 + w*f**2 + 0*f**2 + 6*f + 0*f**2 - 4. What is h(-6)?
-4
Let q(f) = 6*f**3 - f**2 + 2*f - 1. Let d(u) = u**3 + u**2 + u - 4. Let y be d(0). Let g be (-6)/(-4) - y/(-8). Calculate q(g).
6
Let j(i) = -i**2 + 4*i - 1. Suppose 0 = 5*d - 2*d - 9. Suppose 2*k = 5*b - 4*b + d, k - 2*b + 3 = 0. Determine j(k).
2
Let j(v) = -4*v**3 + 5*v - 7. Let p(m) = m**3 + 1. Let g(k) = j(k) + 3*p(k). Give g(3).
-16
Let t(m) be the second derivative of -7*m**4/12 + 7*m**3/6 + m**2/2 + 7*m. Let h(v) = 8*v**2 - 7*v - 2. Let n(q) = -6*h(q) - 7*t(q). Give n(7).
5
Let m(s) = -7*s**2 + 9*s - 4. Let w(c) = 13*c**2 - 17*c + 8. Let r(k) = 11*m(k) + 6*w(k). Calculate r(4).
8
Let z(f) = f**2 - 6*f - 6. Let r be z(7). Let c(d) = -2*d**2 + 81 + 7*d**3 - 42 - 39 + d. Give c(r).
6
Let g be 7 + -5 + 4/(-2). Suppose 2*y + g*y = 6. Suppose 2*z + 3*u - 3 = -z, -3*z + y*u = -21. Let i(j) = -j**3 + 3*j**2 + j + 1. What is i(z)?
-11
Let u(m) = -m - 2. Let v(z) = -z - 1. Let y(j) = 7*j - 4. Let i(l) = -6*v(l) - y(l). Suppose 0 = -3*p + 5 + 16. Let g be i(p). Give u(g).
-5
Let d be (-15)/(-6) - (-1 + -4)/10. Let v(x) = -4*x + 7. Give v(d).
-5
Let a(s) = s + 6. Let k be a(-5). Let p(d) be the third derivative of d**5/20 + d**4/24 + 2*d**2. Determine p(k).
4
Let k(h) = -2*h**2 - 2*h**2 + 5*h**2. Determine k(-2).
4
Suppose 0 = 2*x + 2*x - 24. Let f(z) = 2*z**2 - 2*z**2 - 6*z - 7 + 0*z + z**2. Give f(x).
-7
Let t(s) = 1 - s - 4 + 0 + 5. What is t(-6)?
8
Let p = 19 - 14. Suppose -p*u + 16 - 1 = 0. Let h(w) = -2*w. Determine h(u).
-6
Suppose 3*j + 4*k = 1 + 9, 0 = -j - k + 2. Let c(l) = 4*l**2 + 1 + 1 + 3*l + 1. What is c(j)?
13
Suppose -5 - 3 = -4*u. Suppose -u*j = -4*j. Let l(g) = g + 2. Calculate l(j).
2
Let o(h) = h**2 + 4*h - 4. Let g(w) = -3*w**2 - 12*w + 12. Let i(r) = -2*g(r) - 7*o(r). Let s = -1 + -4. Determine i(s).
-1
Let i = 5 + -3. Suppose -3*o + 2 = -i*o. Let c(q) = 3*q + o*q - 4*q. What is c(0)?
0
Suppose 0 = -5*x + 2*x + 3. Let f(p) = p - 1. Let t(d) = -2. Let j(k) = x*f(k) - t(k). Suppose 0 = 5*n - n - 20. What is j(n)?
6
Let m(h) = -17*h**2 - 11*h + 7. Let x(c) = 10*c**2 + 6*c - 3. Let o(f) = -3*m(f) - 5*x(f). Let g(l) = -l**2 - 3*l + 5. Let s be g(-5). Calculate o(s).
4
Let s(o) = -o**2 + 15*o + 13. Let d be s(16). Let w(m) = 0*m**2 - 5*m**2 - 3 - 4*m**2 - 4*m + 8*m**2. Give w(d).
0
Let c(k) = -k**3 + 10*k**2 + 5*k. Suppose -5*s + 0*i + 5*i - 10 = 0, 5*i = 5. Let r(j) = -j**2 - j. Let f(a) = s*c(a) - 4*r(a). Calculate f(6).
-6
Let w(u) = -17*u - 3. Let p be (-1 + 2)/((-2)/12). Let f(g) = 9*g + 2. Let s(v) = p*w(v) - 11*f(v). Calculate s(-3).
-13
Let d(m) = -m**2 - 7*m - 9. Let l(w) = 4 - 4*w + 11*w**2 - 35*w**3 - 7*w + 34*w**3. Let s be l(10). Give d(s).
-3
Let g(i) = -i**3 + 4*i**2 - i - 3. Let x be g(3). Let j(h) = -x*h - 7 + 4*h + 6. What is j(-1)?
-2
Suppose i - 6 + 0 = 0. Suppose -c = -i*c. Let d(t) = -t**3 + 3*t**2 - t - 3*t**2 - 9. Calculate d(c).
-9
Let j(b) = -b + 1. Let a(s) = -s. Let v(x) = -5*a(x) - j(x). Determine v(1).
5
Let o(n) be the second derivative of n**7/840 - n**6/60 + n**5/120 - n**4/8 + n**3/2 + 3*n. Let v(u) be the second derivative of o(u). Give v(6).
3
Let t = -5 + 5. Let u(s) = -s**3 + t*s + 0*s**2 - 2*s**2 + 0*s - s - 1. Give u(-3).
11
Suppose 3*v + 3*w - 5*w = 6, 4*w = -2*v - 12. Let o(q) be the third derivative of -q**6/120 + q**5/60 + q**2. Calculate o(v).
0
Suppose 8 = o - 5*o. Let c(k) = -k - 1. Let g(z) = -3*z + 13. Let a(r) = o*c(r) + g(r). Determine a(0).
15
Let m(z) = 2*z - 2. Let s(b) = 2 + 4*b**2 + 1 + 6*b**3 - 7*b**3. Let k be s(4). Give m(k).
4
Let z(b) be the second derivative of -b**5/20 - b**4/2 - b**3/6 - 3*b**2/2 + 15*b. Suppose -j - c - 6 = 0, 3*j = -2*c - 16 - 2. Calculate z(j).
3
Suppose -4*m + 3*h - 9 = 4*h, 12 = -2*m + 2*h. Let n = m - 0. Let p(u) = u**3 + 2*u**2 - 5*u - 3. Calculate p(n).
3
Let d(u) = -3 + u + 2 + 2. Let q = -15 + 20. Let v be ((-3)/4)/(q/(-40)). Determine d(v).
7
Let d(t) = t**3 + 5*t**2 - 6*t + 7. Let z(w) = -2*w**2 + 7*w + 5. Let f be z(6). Let i = 19 + f. Calculate d(i).
7
Let d(y) = 4*y. Let a be d(1). Let t(v) = 3*v**2 + 0*v**2 - 5*v - 2*v**2 - a. What is t(5)?
-4
Let y(q) = -q**3 - 6*q**2 + 7*q + 5. Let u be y(-7). Let i(t) = t**2 - 4*t - 3. Calculate i(u).
2
Let g(d) = -d**3 - d**2 + d + 2. Let s = 0 + 3. Let x = 1 - s. Let n be g(x). Let r(q) = q**2 - 5*q + 4. What is r(n)?
0
Suppose -2*l - 16 = -5*y + 2*y, -5*l - 22 = -3*y. Suppose 4*o - 4*z - 4 = 0, 3*o + 0*o - y*z = 6. Let x(j) = 5*j + 3. What is x(o)?
-7
Let n(c) = c**2 - 31*c + 31. Let r be n(30). Let d(v) = 3*v**2 - 2*v + 1. Calculate d(r).
2
Let i(s) = s + 3. Suppose 6*u - 2 + 20 = 0. Give i(u).
0
Let f(z) = -z**3 + z + 5. Let d(j) = j**3 + j**2 - j - 4. Let s(h) = -4*d(h) - 3*f(h). Let t be s(-4). Let p(l) = l**3 + 4*l**2 + 3*l. Calculate p(t).
0
Suppose 6 = -3*g + 3. Let n(x) = 3*x - 1. Calculate n(g).
-4
Let p(m) = -3*m + 5 + 4*m - 2. Let y be (-1 - -1)/2 + 2. Suppose l - y*l = 0. Determine p(l).
3
Suppose 0 = 5*l + 4*q - 18, -2*q = 2*l + 3*l - 14. Let c(x) = 4*x**2 + 0*x + l*x - 2*x**2. Determine c(-2).
4
Let v(y) = -2*y - 1. Suppose -2*a + 3 = -1. What is v(a)?
-5
Let j(a) = 7*a + 9. Let k(f) = -15*f - 19. Let u(x) = 5*j(x) + 2*k(x). Let y(c) = -9*c - 13. Let w(l) = 7*u(l) + 4*y(l). What is w(0)?
-3
Let y(a) = a**2 + 8*a + 10. Suppose 42 = -6*d - 0*d. Calculate y(d).
3
Suppose 0 = -0*k - 2*k - 6. Let b(i) = -2*i**2 + 2. Calculate b(k).
-16
Let u(p) = p**3 - 7*p**2 - p + 9. Let z be u(7). Let c(d) = 6*d**2 - 5*d**z - 3 - d**3 - 2*d + 4. Determine c(2).
-7
Let f = 42 + -37. Let t(n) = -1. Let l = 3 - 2. Let o(m) = m - 3. Let u(r) = l*o(r) - 4*t(r). Determine u(f).
6
Let u(r) = -r**2 + r - 2. Let w(k) = 4*k - 5*k - 1 + 2*k. Let l be w(-3). Let a be (-20)/9 - l/18. What is u(a)?
-8
Let c(k) = k**2 + k. Let s(r) = -5*r**2 - 6*r. Let f(x) = 11*c(x) + 2*s(x). Let j be (-66)/55 + 2/10. Determine f(j).
2
Suppose 8 = -4*i + 20. Let n(p) = 2*p**2 - 4*p - 3*p**2 + p + i. Let j be ((-4)/10)/((-2)/(-20)). Determine n(j).
-1
Let y(a) be the first derivative of -a**2 - 6*a + 38. Calculate y(-6).
6
Let c = -16 + 18. Let y(n) = -7*n + 3. What is y(c)?
-11
Let x(s) = s**2 - 6*s + 4. Let y be (4/(-24))/((-2)/(-6))*-8. What is x(y)?
-4
Let b(u) = -5*u - 2*u + 0*u - 4*u. Calculate b(2).
-22
Let r(x) be the second derivative of x**4/6 + 2*x**3/3 + x**2/2 + x. Let w be 8/(-28) - 46/(-14). Suppose -1 = o, -w*u - o - 1 - 9 = 0. Determine r(u).
7
Let s(f) be the third derivative of 0*f - 1/12*f**5 - 1/8*f**4 - 1/120*f**6 - 1/6*f**3 + 0 + 3*f**2. What is s(-4)?
-5
Let g(o) = -7*o**3 + 2*o - 1. Let r be g(1). Let d(w) be the second derivative of -w**3/3 - 7*w**2/2 - w. Give d(r).
5
Suppose 16*k = 21*k - 30. Let m(o) be the third derivative of -o**6/120 + o**5/10 + o**3/6 - o**2. Determine m(k).
1
Let h(w) = 3*w**2 - 4*w - 1. Let l(c) = c**2 - c. Let r(t) = h(t) - 4*l(t). Let d(p) be the first derivative of r(p). What is d(2)?
-4
Let d = 0 + -1. Let s(j) = 5*j**2 + 